82 a multiple of 11?
False
Is 6 a factor of 6129?
False
Does 100 divide 3100?
True
Is 31 a factor of 1368?
False
Does 203 divide 97288?
False
Is 1794 a multiple of 69?
True
Is 2101 a multiple of 28?
False
Does 14 divide 490?
True
Is 2 a factor of 177?
False
Does 32 divide 2304?
True
Does 38 divide 988?
True
Is 143 a multiple of 13?
True
Is 13 a factor of 746?
False
Does 4 divide 118?
False
Does 42 divide 1050?
True
Is 8378 a multiple of 14?
False
Is 2068 a multiple of 44?
True
Does 77 divide 1150?
False
Is 13 a factor of 51?
False
Is 128 a factor of 3712?
True
Is 15650 a multiple of 131?
False
Is 14178 a multiple of 14?
False
Does 176 divide 4928?
True
Is 5 a factor of 278?
False
Does 4 divide 601?
False
Is 3641 a multiple of 21?
False
Is 37 a factor of 3638?
False
Is 10487 a multiple of 11?
False
Is 33 a factor of 7887?
True
Is 17 a factor of 78047?
True
Is 77116 a multiple of 118?
False
Is 672 a multiple of 25?
False
Does 8 divide 2384?
True
Is 226 a factor of 28476?
True
Is 8824 even?
True
Does 19 divide 39197?
True
Is 19788 a multiple of 51?
True
Is 5100 a multiple of 30?
True
Is 19 a factor of 4707?
False
Is 58152 a multiple of 12?
True
Is 32550 a multiple of 105?
True
Does 13 divide 1267?
False
Is 29485 a multiple of 12?
False
Is 103 a factor of 27295?
True
Is 3608 a multiple of 164?
True
Is 31 a factor of 454?
False
Is 16 a factor of 4804?
False
Is 5 a factor of 1662?
False
Does 87 divide 6264?
True
Does 15 divide 40124?
False
Is 44111 a multiple of 21?
False
Does 6 divide 12?
True
Is 6 a factor of 34272?
True
Is 11 a factor of 4687?
False
Is 24624 a multiple of 16?
True
Is 59 a factor of 28204?
False
Does 20 divide 1872?
False
Does 4 divide 646?
False
Is 212 a factor of 18281?
False
Is 46 a factor of 87960?
False
Is 13 a factor of 884?
True
Is 294 a multiple of 21?
True
Does 75 divide 3793?
False
Is 16 a factor of 14592?
True
Is 16 a factor of 1075?
False
Is 13 a factor of 2925?
True
Is 85 a factor of 9095?
True
Does 7 divide 3239?
False
Is 94 a factor of 1222?
True
Is 1870 a multiple of 34?
True
Is 2109 a multiple of 20?
False
Does 107 divide 6357?
False
Does 17 divide 29319?
False
Is 34 a factor of 2303?
False
Does 11 divide 1873?
False
Does 24 divide 5568?
True
Is 16 a factor of 96?
True
Is 623 a multiple of 54?
False
Does 7 divide 1750?
True
Is 11034 a multiple of 18?
True
Does 16 divide 192?
True
Is 5032 a multiple of 66?
False
Is 32 a factor of 11808?
True
Is 16 a factor of 12224?
True
Does 52 divide 9984?
True
Is 465 a multiple of 15?
True
Does 8 divide 34289?
False
Is 38 a factor of 733?
False
Does 6 divide 382?
False
Is 6918 a multiple of 3?
True
Is 17342 a multiple of 13?
True
Is 2499 a multiple of 147?
True
Is 572 a multiple of 11?
True
Does 3 divide 174?
True
Is 60378 a multiple of 17?
False
Is 738 a multiple of 41?
True
Is 510 a multiple of 13?
False
Does 4 divide 203?
False
Does 9 divide 220?
False
Is 188 a multiple of 9?
False
Is 6714 a multiple of 13?
False
Does 10 divide 340?
True
Does 3 divide 1669?
False
Is 4 a factor of 3840?
True
Does 2 divide 3645?
False
Is 17 a factor of 1188?
False
Is 20 a factor of 14598?
False
Is 37728 a multiple of 96?
True
Is 37 a factor of 503?
False
Is 20 a factor of 24320?
True
Is 722 a multiple of 3?
False
Does 13 divide 20774?
True
Is 104 a factor of 16432?
True
Does 33 divide 6845?
False
Is 1076 a multiple of 10?
False
Is 15 a factor of 58?
False
Does 9 divide 1848?
False
Is 40655 a multiple of 113?
False
Is 12 a factor of 299?
False
Is 321 a multiple of 4?
False
Is 805 a multiple of 23?
True
Is 50519 a multiple of 27?
False
Does 68 divide 6866?
False
Does 34 divide 4857?
False
Does 10 divide 249?
False
Does 2 divide 1730?
True
Is 7 a factor of 7525?
True
Is 3 a factor of 5197?
False
Is 36 a factor of 180?
True
Is 45320 a multiple of 206?
True
Does 3 divide 479?
False
Does 7 divide 619?
False
Is 40 a factor of 5564?
False
Is 22 a factor of 374?
True
Is 4 a factor of 3206?
False
Is 434 a multiple of 14?
True
Does 19 divide 609?
False
Is 11 a factor of 275?
True
Does 15 divide 690?
True
Is 3200 a multiple of 32?
True
Is 4 a factor of 3468?
True
Is 19554 a multiple of 32?
False
Is 66933 a multiple of 111?
True
Is 396 a multiple of 21?
False
Does 16 divide 2928?
True
Does 13 divide 192387?
True
Does 17 divide 8063?
False
Does 25 divide 2620?
False
Is 80926 a multiple of 56?
False
Is 2028 a multiple of 12?
True
Is 63 a factor of 2802?
False
Is 47 a factor of 4173?
False
Is 9 a factor of 54882?
True
Is 141 a factor of 42873?
False
Is 1646 a multiple of 12?
False
Is 76637 a multiple of 11?
True
Is 15 a factor of 1890?
True
Is 1134 a multiple of 13?
False
Does 2 divide 150?
True
Is 5038 a multiple of 11?
True
Is 43 a factor of 688?
True
Is 85 a factor of 510?
True
Is 25344 a multiple of 15?
False
Does 24 divide 3039?
False
Does 41 divide 747?
False
Is 22240 a multiple of 10?
True
Does 147 divide 18152?
False
Is 18 a factor of 3437?
False
Does 114 divide 10260?
True
Is 32418 a multiple of 15?
False
Is 1836 a multiple of 12?
True
Is 6384 a multiple of 19?
True
Is 176 a factor of 53328?
True
Is 48 a factor of 4320?
True
Is 84 a factor of 13124?
False
Is 25418 a multiple of 142?
True
Is 119 a factor of 112336?
True
Does 29 divide 754?
True
Does 18 divide 3673?
False
Is 5980 a multiple of 46?
True
Does 11 divide 1359?
False
Is 87 a factor of 1131?
True
Does 127 divide 111760?
True
Is 11024 a multiple of 16?
True
Does 125 divide 4808?
False
Is 17960 a multiple of 20?
True
Does 29 divide 319?
True
Is 247 a multiple of 3?
False
Does 38 divide 644?
False
Does 22 divide 1430?
True
Is 760 a multiple of 10?
True
Is 28 a factor of 86087?
False
Is 278 a multiple of 2?
True
Does 11 divide 8719?
False
Does 118 divide 20562?
False
Does 56 divide 23352?
True
Is 34 even?
True
Is 389 a multiple of 38?
False
Is 6324 a multiple of 17?
True
Does 20 divide 711?
False
Does 111 divide 958?
False
Is 83 a factor of 14857?
True
Is 19 a factor of 513?
True
Is 13 a factor of 299?
True
Is 19669 a multiple of 13?
True
Is 205 a multiple of 52?
False
Does 20 divide 15380?
True
Does 11 divide 1221?
True
Does 45 divide 1256?
False
Is 179 a factor of 5420?
False
Is 19 a factor of 60023?
False
Does 15 divide 3255?
True
Is 61 a factor of 1529?
False
Is 47 a factor of 31537?
True
Does 14 divide 16702?
True
Is 1268 a multiple of 10?
False
Is 17904 a multiple of 48?
True
Is 13 a factor of 377?
True
Is 187 a multiple of 13?
False
Is 45507 a multiple of 5?
False
Is 70 a factor of 3430?
True
Is 819 a multiple of 20?
False
Does 62 divide 2976?
True
Is 14 a factor of 2590?
True
Is 23 a factor of 1707?
False
Does 19 divide 877?
False
Is 1309 a multiple of 39?
False
Is 7 a factor of 539?
True
Is 2448 a multiple of 23?
False
Is 50 a factor of 37700?
True
Does 39 divide 46874?
False
Is 209 a factor of 29887?
True
Does 6 divide 2550?
True
Is 16 a factor of 974?
False
Is 921 a multiple of 57?
False
Is 28 a factor of 280?
True
Is 7 a factor of 2156?
True
Does 228 divide 39103?
False
Does 45 divide 1170?
True
Does 26 divide 4628?
True
Is 19 a factor of 505?
False
Does 27 divide 1075?
False
Is 405 a multiple of 3?
True
Is 216 a multiple of 27?
True
Is 2750 a multiple of 5?
True
Does 15 divide 195?
True
Is 110 a factor of 330?
True
Is 7 a factor of 1349?
False
Is 30 a factor of 10080?
True
Is 49 a factor of 5292?
True
Is 12 a factor of 156?
True
Does 37 divide 5835?
False
Is 3378 a multiple of 15?
False
Is 16 a factor of 320?
True
Is 6 a factor of 60?
True
Does 88 divide 2562?
False
Does 12 divide 568?
False
Is 13 a factor of 1103?
False
Is 1391 a multiple of 17?
False
Does 33 divide 358?
False
Is 38 a factor of 430?
False
Does 12 divide 17803?
False
Is 2774 a multiple of 17?
False
Is 2248 a multiple of 33?
False
Is 27 a factor of 872?
False
Is 1959 a multiple of 16?
False
Does 51 divide 711?
False
Is 30 a factor of 28983?
False
Is 5 a factor of 1927?
False
Does 3 divide 397?
False
Is 132 a factor of 29443?
False
Is 9 a factor of 5045?
False
Is 20314 a multiple of 17?
False
Does 3 divide 3170?
False
Does 15 divide 3330?
True
Does 21 divide 2289?
True
Is 19602 a multiple of 66?
True
Is 74 a factor of 2148?
False
Is 1357 a multiple of 14?
False
Is 1385 a multiple of 18?
False
Is 2484 a multiple of 36?
True
Does 21 divide 270?
False
Does 9 divide 1